the greatest common factor of k and z.
11
Let j(c) = -2*c**2 + 27*c - 49. Let d be j(9). Calculate the greatest common factor of d and 48832.
32
Let t = 24117 + -23952. Calculate the greatest common divisor of 561 and t.
33
Let w be -14*-2*5/35. Let r be w/((52/(-32))/(-13)). What is the greatest common factor of 4 and r?
4
Suppose -59*u = 4*u - 97233 - 3504. What is the highest common divisor of 663 and u?
39
Let v(n) = 749*n**3 - 2*n**2 + 31*n - 30. Let z be v(1). What is the greatest common divisor of 44 and z?
44
Suppose -1 = 2*q - 23. Let h(f) = 25*f**2 + 21. Let p be h(2). What is the highest common factor of q and p?
11
Suppose 28*z - 984 = -54*z. Suppose 4*v - 2*v - 768 = 0. Calculate the highest common factor of z and v.
12
Let f be (-4)/(2 + 696/(-336)). Calculate the highest common factor of 2135 and f.
7
Suppose 69*d + 257*d = 5216. Let h be (27/(-6))/(3/(-4)). Calculate the greatest common factor of d and h.
2
Let v = 151 - 95. Let k be (11 + -13)*(-11)/44*(11 + 3). Calculate the highest common factor of v and k.
7
Let u = 146 + -150. Let p be u*1 + (-19)/((-19)/84). What is the highest common factor of 96 and p?
16
Let f(d) = 3*d**2 + 113*d - 263. Let l be f(-40). Calculate the highest common divisor of l and 10472.
17
Let b(p) = -73*p - 363. Let j be b(-19). What is the greatest common factor of 80 and j?
16
Let m be (-39)/(-5)*(100 + (-8 - (8 + -11))). Calculate the greatest common factor of 7163 and m.
247
Suppose 2*r = 91 + 5. Let a = 64298 - 64262. Calculate the highest common divisor of r and a.
12
Suppose 34*f = 41*f - 42. Suppose 0 = 4*p + 4*u - 4, 12*p - f = 9*p - 2*u. Calculate the greatest common factor of p and 32.
4
Let w = 502 + -262. Let y = w + 32. What is the greatest common divisor of 17 and y?
17
Suppose -5*j = 10*j - 90. Let m be 626 + j - (-3 + 5). Calculate the greatest common factor of 18 and m.
18
Let k(s) = -3*s**3 + 187*s**2 + 129*s - 57. Let q be k(63). Calculate the greatest common factor of q and 408.
12
Let t(v) = -561*v - 6132. Let b be t(-11). What is the greatest common divisor of b and 159?
3
Let c(b) = -83*b**2 + 970*b + 21. Let r be c(11). What is the highest common divisor of 8 and r?
8
Suppose 146 = 2*w + u, w - 5*u - 73 = -11. Suppose 53 = 2*r + r - l, -r + 4*l + 36 = 0. What is the greatest common divisor of w and r?
8
Let r(l) = 242*l**2 - 3*l + 1. Let a be r(1). Suppose -4*d = 40 - a. Calculate the greatest common factor of 20 and d.
10
Let k = -60 + 36. Let x be (195/(-1))/(36/k). Let l = x + -98. What is the highest common factor of l and 4?
4
Let p(o) = 30*o - 327. Let s be p(11). Let x(n) = 13*n**3 - 3*n**2 + 5*n - 15. Let l be x(s). What is the greatest common factor of l and 243?
81
Let m(a) = a**3 - 13*a**2 + 21*a + 47. Let t be m(12). Calculate the highest common factor of 40 and t.
5
Let s = -167 - -157. Let p be 5 - (s/15)/(4/78). Let h be (-595)/(-3) + 1/(-3). What is the greatest common divisor of p and h?
18
Suppose 18*y - 21*y + 30 = 0. Let f = -16 - -56. Calculate the greatest common divisor of y and f.
10
Suppose 12*h - 8*h - 24 = 0. Let c be (15/h)/1*4/5. What is the greatest common divisor of c and 2?
2
Let i(m) = 9*m + 27. Let o be i(3). Let s be (7*3/63)/(2/o). What is the greatest common factor of s and 207?
9
Suppose -2*m = 21*v - 23*v + 1324, -2*v = 5*m - 1324. Let q = -659 + v. What is the greatest common divisor of 24 and q?
3
Suppose -19353 + 48874 = 329*z - 34305. What is the highest common factor of 3007 and z?
97
Suppose -2*q + 26 = 2*h, 5*h - 18 - 3 = -q. Suppose 5*k - 19 = q. Suppose -k*l = -375 + 45. What is the greatest common factor of l and 5?
5
Let z(v) = 3*v**3 + 2*v**2 - 2*v. Let k be z(-5). Let f be (86/(-4))/(k/(-108) + -3). Let h be f*((-28)/8 - -4). What is the highest common factor of 43 and h?
43
Let o(i) = i**2 - 13*i + 42. Let w be -2*2/((-4)/22). Let k be o(w). What is the greatest common factor of k and 32?
16
Let q(s) = -4*s. Let w be q(1). Let m be (-1 + 3)/(w/(-210)). Suppose 5*n = -i + 226, 3*n + 1452 = -2*i + 1610. What is the highest common divisor of n and m?
21
Let k = -2018 - -2447. What is the greatest common divisor of k and 22?
11
Suppose -59*j - 25*j = 40*j - 3100. What is the greatest common factor of j and 11525?
25
Let s(g) = 376*g + 2508. Let f be s(-6). What is the greatest common divisor of 1071 and f?
63
Suppose 0 = -13*j + 981 + 397. What is the highest common divisor of 3763 and j?
53
Suppose -21*k = -15*k + 66. Let g(j) = -j**2 - 12*j - 13. Let t be g(k). Let u be (t*88)/((-2)/(10/5)). What is the highest common divisor of 16 and u?
16
Let q(j) = -j**3 - 6*j**2 + 5*j - 6. Let y be q(-9). Suppose n - 44 = -8. Let w be n/((3 + 1)*(-54)/(-288)). What is the greatest common divisor of w and y?
48
Let v(w) = -7*w - 17. Let d be v(-5). Let q be 5 - d - -4 - 3*-1. Let s be (2/(-1))/((q/39)/1). Calculate the highest common divisor of 39 and s.
13
Let x be 20640/128*112/210. What is the highest common divisor of x and 29713?
43
Suppose 0 = 3*x - 4 - 8, 0 = -3*c + 5*x + 244. Suppose 2*l = -3*f + 27, 0 = -3*f + 5*l + 2 + 46. Calculate the highest common factor of f and c.
11
Suppose -3*z + 256 = 2*p, -4*p - 44 = -z + 18. Suppose 5*g - 625 = -3*d, -4*d + 5*g + 592 = -218. What is the greatest common divisor of d and z?
41
Suppose 4*i - 22 - 38 = 0. Let r(y) = 5*y**3 - y**2 + 2. Let w be r(2). Suppose -81 = w*x - 651. Calculate the highest common divisor of i and x.
15
Let z(l) = l**3 + 18*l**2 - 10*l - 48. Let o be z(-18). Suppose 2*h = 2*b + o, -2*h + h + 3*b = -72. Calculate the greatest common factor of 84 and h.
21
Let z(p) = p + 22. Let c be z(-18). Suppose -c*g = -7*g + 6. Suppose -g*a + 91 - 41 = 0. What is the greatest common factor of a and 10?
5
Let d be (-3)/(-6)*0/1. Suppose -l = -0*l - 2*a - 10, d = -2*l - 4*a + 4. Suppose -41 = -30*q + 73 + 156. What is the highest common divisor of l and q?
3
Let c(x) = -4 + 29*x - 264*x - 93*x. Let d be c(-1). Calculate the greatest common factor of 12 and d.
12
Suppose 5*d + 30 = -5*p, 11 = -2*p - d + 4. Let j be (-1475)/(-10) + -4 + p/(-2). Suppose 7*f = 9*f - j. Calculate the highest common factor of f and 180.
36
Suppose -j - 4*i = -3137, -16*i + 17*i + 9476 = 3*j. What is the greatest common factor of 308 and j?
77
Let m(z) = -46*z - 1. Let g(t) = t**2 - 7*t - 1. Let v be g(7). Let r be m(v). Suppose 0 = 110*h - 99*h - 330. Calculate the greatest common divisor of r and h.
15
Suppose -4*o + 2274 = 5*k, 14*k - 1848 = 10*k + 4*o. Suppose 9*c - 1223 + k = 0. What is the greatest common factor of 68 and c?
17
Suppose 3*r - 116 - 537 = -2*g, 4*g = 3*r + 1351. Suppose -p = -4*h + 2*p + 678, -2*h = -4*p - g. Calculate the highest common divisor of 19 and h.
19
Suppose -10*y + 0*y = -110. Suppose -12*x = -y*x - 5, 0 = 2*d - 5*x - 755. What is the greatest common factor of d and 60?
30
Let u = 120 - 100. Suppose -3*j + u*j = 323. What is the highest common factor of 19 and j?
19
Let d = -3522 - -4478. Calculate the highest common divisor of 8 and d.
4
Suppose -3*p + p = 4*i - 12, -i + 2 = p. Suppose -2*u = -3*m - 194, 0 = 5*u - i*m + 8*m - 508. What is the greatest common divisor of 25 and u?
25
Let m be 64 - -1*(-5 - -4). Let b = m - 66. Let o be 4/(-3) + 2 - 934/b. What is the highest common factor of o and 39?
39
Let a be (-20)/10 - -7*5. Let q = a + -13. Suppose -2*m = -5*d + 31, -2*d - 2*m + 14 = 2*d. What is the greatest common divisor of d and q?
5
Let r be (36/(-216))/(15/9) - (-5522)/20. Calculate the highest common divisor of r and 96.
12
Let l = 531 - 457. Suppose z = -5*h + 170, -z - 4*h + 155 = -18. Calculate the highest common factor of z and l.
37
Let p(t) = 232*t**2 - 28*t + 32. Let w be p(4). Calculate the greatest common factor of 32 and w.
16
Let v be (8/140*7)/(2/10). Suppose -2150 = -41*f - v*f. Calculate the highest common divisor of f and 25.
25
Suppose -16*u + 20 = -20*u, -y + 4*u = -36. What is the highest common factor of y and 36048?
16
Let x be (322 + -300)/(10/4 + -2). What is the highest common divisor of 638 and x?
22
Suppose -4*c + 8 = 0, -14*j = -10*j - 5*c - 2134. Calculate the greatest common divisor of j and 201.
67
Let p(h) = -10*h - 11. Let b be p(-2). Let c be 1/(12/b) + (-8725)/(-20). Calculate the greatest common divisor of c and 23.
23
Let